nds digit of 9899?
9
What is the hundreds digit of 1617?
6
What is the thousands digit of 1599?
1
What is the units digit of 88345?
5
What is the units digit of 1227?
7
What is the tens digit of 14713?
1
What is the thousands digit of 38850?
8
What is the hundreds digit of 6729?
7
What is the hundreds digit of 16766?
7
What is the tens digit of 1164?
6
What is the tens digit of 19164?
6
What is the units digit of 120798?
8
What is the units digit of 1336?
6
What is the hundreds digit of 433?
4
What is the units digit of 1567?
7
What is the ten thousands digit of 12953?
1
What is the ten thousands digit of 44051?
4
What is the thousands digit of 25576?
5
What is the units digit of 1333?
3
What is the units digit of 1618?
8
What is the units digit of 6?
6
What is the units digit of 7639?
9
What is the ten thousands digit of 11297?
1
What is the tens digit of 11785?
8
What is the units digit of 975?
5
What is the ten thousands digit of 13024?
1
What is the thousands digit of 8659?
8
What is the units digit of 842?
2
What is the thousands digit of 2605?
2
What is the hundreds digit of 2482?
4
What is the units digit of 53392?
2
What is the ten thousands digit of 16372?
1
What is the units digit of 4834?
4
What is the hundreds digit of 10413?
4
What is the tens digit of 289?
8
What is the units digit of 469?
9
What is the thousands digit of 124136?
4
What is the tens digit of 434?
3
What is the tens digit of 56996?
9
What is the ten thousands digit of 10208?
1
What is the units digit of 556?
6
What is the units digit of 5054?
4
What is the hundreds digit of 68095?
0
What is the units digit of 22930?
0
What is the hundreds digit of 277?
2
What is the thousands digit of 3580?
3
What is the tens digit of 39410?
1
What is the tens digit of 3246?
4
What is the units digit of 42952?
2
What is the tens digit of 266?
6
What is the ten thousands digit of 12958?
1
What is the thousands digit of 2529?
2
What is the hundreds digit of 396?
3
What is the units digit of 1169?
9
What is the thousands digit of 42419?
2
What is the tens digit of 2121?
2
What is the hundreds digit of 1870?
8
What is the thousands digit of 3721?
3
What is the units digit of 3473?
3
What is the thousands digit of 6201?
6
What is the hundreds digit of 28696?
6
What is the ten thousands digit of 63063?
6
What is the tens digit of 1104?
0
What is the hundreds digit of 2518?
5
What is the tens digit of 81002?
0
What is the hundreds digit of 3758?
7
What is the thousands digit of 4807?
4
What is the tens digit of 784?
8
What is the hundreds digit of 177202?
2
What is the units digit of 699?
9
What is the units digit of 58195?
5
What is the hundreds digit of 99503?
5
What is the hundreds digit of 104963?
9
What is the units digit of 3751?
1
What is the hundreds digit of 255?
2
What is the thousands digit of 3899?
3
What is the units digit of 321?
1
What is the thousands digit of 41596?
1
What is the hundreds digit of 55281?
2
What is the units digit of 9898?
8
What is the units digit of 520?
0
What is the tens digit of 456?
5
What is the ten thousands digit of 96248?
9
What is the thousands digit of 1375?
1
What is the tens digit of 6034?
3
What is the ten thousands digit of 53191?
5
What is the tens digit of 55253?
5
What is the tens digit of 591?
9
What is the hundreds digit of 10412?
4
What is the thousands digit of 3370?
3
What is the units digit of 3705?
5
What is the thousands digit of 3725?
3
What is the thousands digit of 1204?
1
What is the tens digit of 8439?
3
What is the hundreds digit of 140?
1
What is the thousands digit of 3110?
3
What is the units digit of 54?
4
What is the tens digit of 125679?
7
What is the tens digit of 2768?
6
What is the tens digit of 49?
4
What is the units digit of 1704?
4
What is the units digit of 86957?
7
What is the thousands digit of 2285?
2
What is the tens digit of 3204?
0
What is the hundreds digit of 8222?
2
What is the units digit of 86844?
4
What is the tens digit of 2119?
1
What is the hundreds digit of 981?
9
What is the ten thousands digit of 54944?
5
What is the units digit of 15317?
7
What is the hundreds digit of 71188?
1
What is the hundreds digit of 2937?
9
What is the units digit of 15934?
4
What is the hundreds digit of 516?
5
What is the thousands digit of 3866?
3
What is the units digit of 1871?
1
What is the tens digit of 993?
9
What is the ten thousands digit of 77825?
7
What is the thousands digit of 3718?
3
What is the thousands digit of 4242?
4
What is the hundreds digit of 472?
4
What is the tens digit of 35948?
4
What is the tens digit of 1269?
6
What is the units digit of 1386?
6
What is the ten thousands digit of 65332?
6
What is the units digit of 19923?
3
What is the hundreds digit of 27839?
8
What is the hundreds digit of 7723?
7
What is the units digit of 510?
0
What is the ten thousands digit of 71519?
7
What is the tens digit of 716?
1
What is the hundreds digit of 557?
5
What is the units digit of 1312?
2
What is the thousands digit of 16302?
6
What is the hundreds digit of 6986?
9
What is the tens digit of 579?
7
What is the thousands digit of 6505?
6
What is the hundreds digit of 1342?
3
What is the tens digit of 682?
8
What is the tens digit of 1146?
4
What is the tens digit of 36076?
7
What is the units digit of 7603?
3
What is the tens digit of 217?
1
What is the tens digit of 148?
4
What is the ten thousands digit of 33915?
3
What is the hundreds digit of 80639?
6
What is the hundreds digit of 34432?
4
What is the hundreds digit of 62058?
0
What is the units digit of 928?
8
What is the units digit of 1022?
2
What is the units digit of 4063?
3
What is the thousands digit of 1223?
1
What is the ten thousands digit of 145956?
4
What is the units digit of 634?
4
What is the hundreds digit of 12541?
5
What is the tens digit of 143?
4
What is the hundreds digit of 2888?
8
What is the hundreds digit of 26831?
8
What is the hundreds digit of 30081?
0
What is the tens digit of 4206?
0
What is the hundreds digit of 6475?
4
What is the units digit of 648?
8
What is the units digit of 13096?
6
What is the units digit of 21575?
5
What is the units digit of 778?
8
What is the units digit of 844?
4
What is the hundreds digit of 16665?
6
What is the hundreds digit of 832?
8
What is the ten thousands digit of 38097?
3
What is the units digit of 45318?
8
What is the units digit of 1040?
0
What is the hundreds digit of 73603?
6
What is the hundreds digit of 13576?
5
What is the hundreds digit of 8345?
3
What is the tens digit of 8582?
8
What is the units digit of 765?
5
What is the units digit of 2223?
3
What is the units digit of 8540?
0
What is the tens digit of 34058?
5
What is the thousands digit of 51977?
1
What is the thousands digit of 19763?
9
What is the hundreds digit of 869?
8
What is the tens digit of 16173?
7
What is the tens digit of 215?
1
What is the tens digit of 600?
0
What is the ten thousands digit of 52659?
5
What is the units digit of 141?
1
What is the hundreds digit of 57854?
8
What is the hundreds digit of 90579?
5
What is the hundreds digit of 2357?
3
What is the thousands digit of 54039?
4
What is the units digit of 2262?
2
What is the hundreds digit of 899?
8
What is the hundreds digit of 61189?
1
What is the units digit of 324?
4
What is the hundred thousands digit of 115031?
1
What is the hundreds digit of 47666?
6
What is the tens digit of 256?
5
What is the hundreds digit of 17583?
5
What is the hundreds digit of 2214?
2
What is the thousands digit of 15938?
5
What is the ten thousands digit of 10133?
1
What is the hundreds digit of 9159?
1
What is the hundreds digit of 12479?
4
What is the hundreds digit of 15148?
1
What is the units digit of 1303?
3
What is the tens digit of 2310?
1
What is the thousands digit of 4157?
4
What is the units digit of 66989?
9
What is the units digit of 448?
8
What is the units digit of 591?
1
What is the units digit of 7367?
7
What is the units digit of 2394?
4
What is the hundreds digit of 741?
7
What is the thousands digit of 60143?
0
What is the tens digit of 834?
3
What is the tens digit of 800?
0
What is the thousands digit of 12343?
2
What is the thousands digit of 154076?
4
What is the hundreds digit of 33921?
9
What is the ten thousands digit of 8424